be 15/(-6)*1*-24. What is the greatest common divisor of j and 12?
12
Suppose 13*n + 45 - 162 = 0. Suppose 3*k + 165 = 4*t, -16 - 4 = -4*k. Calculate the highest common divisor of t and n.
9
Suppose -4*z - 5*c = -20, -z = -2*z + 4*c + 26. Let s = 17 - z. Calculate the greatest common factor of s and 1.
1
Let t = -46 - -76. What is the highest common divisor of 270 and t?
30
Let m(f) = f**2 - 3*f - 26. Let n be m(-5). What is the highest common factor of 126 and n?
14
Let f(a) = -a**2 + 19*a + 27. Let w be f(20). What is the greatest common divisor of 7 and w?
7
Let q = -6 + 18. Let b be 1*9 - (q - 12). Calculate the greatest common factor of 72 and b.
9
Suppose 9*m - 4*m - 5 = 0. Let t = 8 - m. What is the greatest common divisor of 1 and t?
1
Let s be 4/(1 - (-51)/(-53)). Suppose 2*n = -3*o - o + s, 2*o + 3*n = 47. What is the greatest common factor of 4 and o?
4
Let x = -52 - -195. Calculate the greatest common factor of x and 13.
13
Let u(m) = -m + 1. Let n be u(1). Suppose 1 = -a - n*a. Let v be a/2*(1 - 37). Calculate the highest common divisor of 54 and v.
18
Suppose 2*x - 754 = -5*i, -2*x + 3*x + 3 = 0. Let h = i - 104. Suppose -g + h = -0*g. Calculate the highest common divisor of 6 and g.
6
Let j be (4*-2 + -2)/(-1). Suppose 5*d - b = 15, -2*d + 20 = -5*b - 9. What is the greatest common divisor of j and d?
2
Let m = -8 + 18. Let j = m - 1. Suppose -8 = 5*o - j*o. What is the highest common divisor of 10 and o?
2
Let c be 6/2 + 1 - -139. What is the highest common divisor of 13 and c?
13
Suppose 111 = 2*j - 109. Suppose 0 = 2*k + 4*o, -4*o = -3*k + 2 + 48. Calculate the highest common factor of j and k.
10
Suppose 0 = -3*y - 4*r + 6, -4*y - 4*r + 8 = -2*y. Let f be (0 - y) + 6*2. Calculate the greatest common factor of f and 35.
7
Suppose -k = -n + 2*n - 13, -5*k = 3*n - 47. Let c be 492/n + 2/6. Let w = -42 + 47. Calculate the greatest common divisor of c and w.
5
Let t = -26 + 50. What is the highest common factor of 24 and t?
24
Let o = 4 + -6. Let p = 3 - o. Suppose 10*u - 90 = p*u. Calculate the highest common factor of u and 162.
18
Let a be (-4)/20 + 228/15. Calculate the highest common factor of 25 and a.
5
Let r be 42/4 + 2/(-4). Let y be 2/(-7) + (-74)/(-14). Suppose 0 = 3*x - y*x + 180. What is the highest common factor of x and r?
10
Suppose -5*q = -10*q + 20. Let b(h) = -q*h + 2 + 11*h + 0. Let l be b(6). Calculate the greatest common factor of l and 11.
11
Suppose -v = -2*s + 55, 4*v = -3*s + s + 50. Suppose -2*u + 5*t = -0*u - 11, 0 = -u - 4*t - 1. What is the greatest common factor of u and s?
3
Let a be 42/12 - 3/2. Suppose v - a = -2*i, 2*v + 4*i - 14 = -v. Suppose f = -3*h + 40, 2 = -2*f + v. Calculate the greatest common divisor of h and 12.
12
Let t = 15 + -10. Suppose t*r - 19 = 16. Let a be -5*r/((-70)/48). What is the greatest common factor of 16 and a?
8
Suppose 4*b = -8, 3*b - 31 = -3*t + 257. Let f be (-1014)/(-24) + 1/(-4). Suppose -3*w = -0*w - f. What is the greatest common divisor of w and t?
14
Suppose y - 5*y + h = -23, y + 4*h - 10 = 0. Calculate the highest common divisor of y and 6.
6
Let u = 20 + -15. Suppose -15 - 40 = -u*j. What is the highest common factor of j and 77?
11
Suppose -67 - 21 = -4*l. Calculate the greatest common divisor of l and 242.
22
Let m be 161 - (1 + -1 + -1). Suppose -96*h + 94*h + 36 = 0. What is the highest common factor of m and h?
18
Let i = 49 + -22. Suppose -5*k + 0*k = 2*x + 11, -k = -3*x + 9. Let m = k + i. Calculate the greatest common factor of m and 72.
24
Let n = -27 + 19. Let c = n - -6. Let o(z) = 3*z**2 + 4*z + 3. Let k be o(c). What is the greatest common divisor of k and 1?
1
Let b be (4/(-4))/(-1 + 0). Let d be b*-2*3/6. Let q be d/1*-36 + 0. What is the greatest common factor of 9 and q?
9
Suppose 5*k + 38 = 278. Calculate the highest common divisor of k and 32.
16
Let k = 4 + -3. Calculate the greatest common divisor of k and 1.
1
Suppose 0*s = -5*s + 1400. What is the greatest common factor of s and 35?
35
Suppose 171 = 3*g - 489. What is the greatest common divisor of g and 20?
20
Let o(x) = -17*x - 13. Let v(b) = -9*b - 7. Let m(i) = -2*o(i) + 5*v(i). Let w be 6/(-2 - 8/(-6)). Let k be m(w). What is the highest common factor of k and 10?
10
Suppose q = 2*q - 155. What is the greatest common divisor of q and 31?
31
Suppose 6*q = 4*q + 4. Let o(j) = 12*j. Let s be o(q). What is the highest common factor of s and 8?
8
Let d(h) = h**2 + 1. Let c be d(0). Suppose -c = 2*b - 5. What is the highest common factor of 10 and b?
2
Let c(p) = -p**3 - 8*p**2 - 8*p - 5. Suppose 0*z - 4*z = -4. Let b be z*7/2*-2. Let r be c(b). What is the greatest common divisor of 18 and r?
2
Suppose 3*r = r. Let g = 5 - 1. Suppose -g*l + 60 = 4*s, r = -0*l - 2*l + 4*s. Calculate the greatest common factor of 60 and l.
10
Let t be (4 + -4)*(-2)/4. Suppose -12 = -2*m - t*m. Let z be (-4)/6 + 76/6. What is the highest common factor of m and z?
6
Suppose 5*v - 397 = 8*i - 5*i, -3*i - 367 = v. Suppose -952 = -5*g + 2*h, 5 + 179 = g - 2*h. Let p = g + i. What is the highest common divisor of 17 and p?
17
Suppose -8 = -2*s - 0. Suppose 7*j = 2 + 5. What is the highest common divisor of s and j?
1
Let z = 11 - -1. Let j be 110 + (-2)/(-1)*-1. What is the highest common factor of j and z?
12
Suppose -4*f + 99 = -u, -3*u + 6*u = 3. Suppose 3*o + 2*l - 833 = 0, -3*o - 3*l + 289 = -548. What is the highest common divisor of f and o?
25
Let q be 12/(-2)*(-2 + -1). Suppose 51 - 3 = 4*v. What is the greatest common factor of q and v?
6
Let r(t) be the third derivative of t**5/6 - t**4/24 + t**2. Let f be r(1). What is the highest common divisor of 63 and f?
9
Suppose -44 = -4*a - 4*g, -a + 3*g + 4 = 1. Let o(y) = -y**3 - 7*y**2 - 6*y - 6. Let u be o(-7). Calculate the greatest common divisor of u and a.
9
Suppose 0 = 2*a - 42 - 6. Calculate the greatest common divisor of a and 8.
8
Let w be -1 + 124 - (-7 + 10). What is the greatest common factor of 24 and w?
24
Suppose 116 = -5*v + 2*u, -3*u - 102 = 2*v + 2*v. Let r = 22 - v. Calculate the greatest common factor of 115 and r.
23
Let t be (-3 - (-4)/1) + 905. Let l = t + -546. Suppose 4*p = -p + l. What is the highest common factor of p and 18?
18
Let h(m) = 9*m - 14. Let u be h(7). Calculate the greatest common factor of 7 and u.
7
Suppose 3*a = -1 + 10, -237 = -5*t + a. Calculate the greatest common divisor of 16 and t.
16
Let g(p) = -6*p - 3. Let k be g(-2). Let n(d) = d**3 - 9*d**2 + d + 9. Let w be n(k). What is the highest common divisor of 18 and w?
18
Let t = -19 + 27. Suppose t = r - 0. Let k(f) = -f**3 + 11*f**2 - 5*f - 8. Let x be k(r). Calculate the highest common divisor of 16 and x.
16
Let a(i) = -i**3 - 3*i**2 + 6*i - 2. Let z be a(-5). Let o(b) = -b**2 + 29*b - 6. Let w be o(17). What is the highest common divisor of w and z?
18
Suppose -51 = -5*v + 4*t, -4*v + 0*t + 44 = -4*t. Suppose 3*x = v*x - 320. What is the highest common divisor of x and 10?
10
Let b be -2 + -1*18*-1. Let p(x) = 1. Let k(j) = -2*j + 13. Let v(z) = -2*k(z) + 22*p(z). Let u be v(9). Calculate the greatest common divisor of b and u.
16
Let u(m) = 24*m. Let s be u(9). Calculate the highest common divisor of 27 and s.
27
Suppose 20 = -0*s + s - 3*q, 0 = -5*s - q + 36. Suppose -s*t = -4*t - 112. Calculate the highest common factor of t and 42.
14
Suppose 5*k + 2*u = 16, 3*u - 15 = -2*u. Suppose 15 = -5*h, -k*g - 4 = h - 25. Suppose 6*y - 150 = y. What is the greatest common factor of g and y?
6
Suppose 3*z - 230 = -c, -c - z + 63 = -171. What is the greatest common divisor of c and 59?
59
Let b be (-11)/((-3)/((-228)/(-4))). What is the greatest common factor of 19 and b?
19
Let h(n) be the second derivative of -n**5/20 - n**4/12 - n**3/3 - 3*n**2/2 + 8*n. Let p be h(-2). Calculate the greatest common divisor of 20 and p.
5
Let m be -2*(-3 - (2 + -3)). Suppose 58 = m*r - 2*z, -r = -4*z - z - 1. What is the highest common factor of 176 and r?
16
Let i(j) = j**3 - 8*j**2 + 8*j - 8. Let u be i(6). Let r = u - -56. Let n = r - 17. Calculate the highest common factor of n and 28.
7
Let t(i) = 2*i**3 + i**2 - 5*i + 2. Let b be t(3). Suppose -2*y = 4*p - 11 - 111, 3*p - 64 = -y. Let n = -35 + y. What is the highest common factor of b and n?
10
Suppose 26*y - 29*y